= 729 - -433. What is the units digit of z?
2
Let i = 336 + -238. Suppose 0*s + 5*s = 2*b - i, 4*s + 68 = -b. Let o = s - -29. What is the units digit of o?
1
Let s(b) = 2*b**3 - 5*b**2 + 15. Let g be s(4). Let x = -61 + g. What is the units digit of x?
2
Suppose -o + 0*o = -v + 186, o + 938 = 5*v. Let n = -125 + v. What is the tens digit of n?
6
Suppose 0 = 94*l - 115*l + 3402. What is the units digit of l?
2
Let j(b) = -b**3 + 11*b**2 + 4*b - 15. Let w be j(10). Suppose 425 = 4*n + w. What is the tens digit of n?
7
Let i(s) = -s**2 + 14*s + 3. Suppose -3*o - b - 4*b + 31 = 0, -3*o + 11 = b. Suppose -o*d + 5*d = 18. What is the units digit of i(d)?
1
Let z(u) be the second derivative of u**5/20 + u**4/4 - 4*u. Let t be z(-3). Suppose 5*o + 5 - 135 = t. What is the units digit of o?
6
Let k = -780 - -1103. What is the units digit of k?
3
Suppose a + 15 + 7 = 0. Let s = a + 21. What is the tens digit of 16 - (-1 + 0)/s?
1
Suppose 2*g + 0*t - 392 = 4*t, 3*g - 583 = t. What is the hundreds digit of g?
1
Suppose -4*s + 7113 = 3*c, 8280 = 3*s - 2*c + 2958. What is the hundreds digit of s?
7
Let i(l) = l**3 + 3*l**2 - 3. Let r be i(-3). Let g(m) = 10*m**2 - 3*m - 2. What is the tens digit of g(r)?
9
Let r(a) = -91*a + 188. What is the tens digit of r(-7)?
2
Let c = 4899 - 2693. What is the units digit of c?
6
Suppose -x + 1 = 0, -g - 3*x = x - 10. Suppose -g*w + 4*w - c + 5 = 0, 12 = -4*c. Suppose -w*a + 0 = -68. What is the tens digit of a?
1
Suppose 1216 = -15*m + 4051. What is the units digit of m?
9
What is the hundreds digit of (11778/(-7))/(-1) + (-75)/(-175)?
6
Let l = 118 - 35. Let m be ((-1 - -2) + 0)*-47. Let w = m + l. What is the tens digit of w?
3
Let l(k) = 0*k**3 + 17*k - 166 + 147 + k**3 - 16*k**2. Let n(f) = -f**3 - 2*f**2 - 2*f. Let y be n(-3). What is the units digit of l(y)?
1
Suppose -3*x + 1 = -29. Suppose 6*v + 156 = x*v. Let a = v + -23. What is the tens digit of a?
1
Let j(f) = 20*f**2 - 2*f - 15. What is the units digit of j(-4)?
3
Let a be 6 - (-1 - (-3 - -2)). Suppose -f - 2*f = -a. Suppose -5*t + 101 = -f*n, 2*t - 5*t + 2*n = -59. What is the units digit of t?
1
Suppose -j + 620 = 3*j + 2*k, -j + 4*k + 173 = 0. What is the hundreds digit of j?
1
Suppose 75 = s + 5*j, 178 + 57 = 5*s - 3*j. Suppose -4*d + 120 = -c, d - s - 1 = -5*c. What is the units digit of d?
1
Let x = -115 - -281. Let h = -74 + x. What is the units digit of h?
2
Let i(t) = 6*t**2 - 12*t - 42. What is the units digit of i(-23)?
8
Suppose 0 = 5*a + 4*a - 36. Suppose 31 + 49 = a*z. What is the units digit of z?
0
Let s(i) = 22*i + 9. Let c be s(-7). Let z(m) = 7*m - 13. Let d be z(-9). Let n = d - c. What is the units digit of n?
9
What is the hundreds digit of (17 - 18) + 2 + 162?
1
Suppose -2*w + 3*w + 4 = 0. Let k = w + 8. Suppose -3 + 227 = k*c. What is the tens digit of c?
5
Let i be 2/(-4) + 642/12. Let f = 120 - i. What is the tens digit of f?
6
Let m(t) = -3*t - 15. Let r be m(-6). Suppose -v + r = -3. Suppose 0*k + 2*k - v = 0, 341 = 5*g + 2*k. What is the units digit of g?
7
Let z be 1/(10/3 - 3). Suppose 2*y + z*k - 65 = 63, -2*k + 63 = y. What is the units digit of y?
7
Let f = 528 + -409. What is the hundreds digit of f?
1
Suppose -o = -7*o + 30. Suppose 9*x - o*x - 192 = 0. What is the units digit of x?
8
Let m(x) = x**2 - 2*x - 14. Let s(f) = -f**2 + 4*f + 29. Let b(v) = 5*m(v) + 3*s(v). What is the units digit of b(0)?
7
Suppose 4*u - 3 = u. What is the units digit of u/(3 + -5)*-2?
1
What is the tens digit of ((-1 - -1) + 2 + -1)*2277?
7
What is the units digit of (-2)/6*-387 + 1?
0
Let l = 60 - 36. Let i = 65 - 65. Suppose -q + l = -i. What is the units digit of q?
4
Suppose 4*u + 84 = 3*s, 3*u + 15 = -2*u. What is the units digit of s - (3 + -3)/(-2)?
4
Suppose -6*b = -4*b - 216. What is the tens digit of b*(-48)/(-84)*7/6?
7
Suppose -25 = 4*m - 97. What is the units digit of (-4)/m - (-174)/54?
3
Let u(v) = -v**3 + 2*v**2 - 2*v + 3. Let x be u(2). Let o be 0 + x + 7 + -3. Suppose 3*w = -o*i + 93, w + w - 58 = -4*i. What is the units digit of w?
3
Suppose -218 = -g + 187. Suppose g = 6*y - y - 5*r, y + 2*r - 84 = 0. What is the tens digit of y?
8
Suppose 5*c - p - 404 = -84, -75 = -c - 2*p. Let n = c + -8. What is the tens digit of n?
5
Let o(x) be the third derivative of x**6/120 + x**5/12 - x**4/3 + x**3/2 - x**2. What is the tens digit of o(-6)?
1
Suppose -f + 4*f + 12 = -4*j, -5*j - 15 = -3*f. Suppose f = 2*b - 6*b + 16, -g - 5*b + 96 = 0. What is the units digit of g?
6
Suppose 0 = -10*g + 5*g + 170. What is the tens digit of (-1)/(-2) - 0 - (-391)/g?
1
What is the thousands digit of (-4)/18 - (-3014104)/828?
3
Let i(l) = -3*l - 28. Let g be i(-14). Suppose 9*p = g*p - 250. What is the tens digit of p?
5
Let q(p) = 9*p - 10. Let z be q(5). Suppose l + 5*x - x = -21, 3*l = 2*x - z. Let s = -7 - l. What is the units digit of s?
6
Suppose 5*j - 10*k + 7*k - 4228 = 0, -2*k - 847 = -j. What is the tens digit of j?
4
Suppose -2*j - 24 = -4*z, -30 = -5*z + 6*j - 3*j. Let m be (0/2)/(-1*1). Suppose m = 4*a - z*a + 2. What is the units digit of a?
1
Let w = -94 + 98. Let q be 3/(1/(-2) - 1). What is the tens digit of 142/w + q/4?
3
Suppose -452 = -4*x + 5*l - 0*l, -3*x = 2*l - 316. Suppose -h = 3*s - x, 0*h + 134 = 4*s - 2*h. What is the units digit of s?
5
Suppose 2*k + 3*k - 2*s = 188, 3*k + 3*s = 117. Let y = k + 16. What is the tens digit of y?
5
Let f = -1142 + 2501. Suppose f = 10*a - a. What is the hundreds digit of a?
1
Let p(o) = -o**3 + 18*o**2 - 17*o. Let n be p(17). Suppose n = -6*s + 29 - 5. Suppose 3*x + 5*m = 51, -s*x = -8*x - 4*m + 76. What is the units digit of x?
2
Suppose 0 = -3*o - 2 - 7. Let v = -2 + o. Let k(f) = -f**3 - 4*f**2 + 2*f - 5. What is the units digit of k(v)?
0
Let s = 398 + -260. What is the hundreds digit of s - ((-2)/(4/(-6)) - 2)?
1
Suppose 2*x + 146 = 512. What is the hundreds digit of x?
1
Let b be 29*(2 - 3) + 1. Let t be ((-4)/7)/(8/b). Suppose -2*o + 86 = 4*z, -z + 5*o = -t*z + 8. What is the tens digit of z?
2
What is the hundreds digit of (-38)/((-89)/29 - 3/(-1))?
5
Suppose -4*t = -7*t + 9. Suppose t*h = 5*h - 8. What is the units digit of 18 + 2*(-2)/h?
7
Suppose o = 5*o + 5*p - 92, 2*p = 4*o - 120. Let u = o + -44. What is the tens digit of (-8)/2 + 2 - u?
1
Suppose 5*p - t = 27, 33 = 3*p + 4*t + t. Let o be (-26 - 2)*(-9)/p. Let i = 70 - o. What is the tens digit of i?
2
Suppose j - 5*j = 0, 755 = s + j. What is the hundreds digit of s?
7
Let p = -2 - 4. Let v = p - -10. Suppose q + 24 = 4*k, -2*q - 24 = -v*k - 3*q. What is the units digit of k?
6
Suppose -d - j = -7 - 3, -62 = -5*d + j. Suppose -57 = 2*t - 5*z, -3*t + 2*z - 174 = 2*t. Let o = d - t. What is the tens digit of o?
4
Suppose 18*s - 6842 = 3652. What is the hundreds digit of s?
5
What is the hundreds digit of (-37)/111 + (0 - (-1150)/3)?
3
Let c = 48 + -46. What is the units digit of c + (3 - -94) - (0 + 0)?
9
Let p = -71 + 71. Suppose 4*a - 794 + 274 = p. What is the hundreds digit of a?
1
Suppose 7*t - 6 = 6*t. Suppose -4*h = -q - 5, -h + t*q + 5 = 2*q. What is the units digit of h?
1
Suppose -67 = -3*o - 319. What is the tens digit of 4/(o/(-2757)) - 2/7?
3
Let z be 42/18 + 2/3. Suppose -219 = -4*u - 0*c - 5*c, z*c + 283 = 5*u. What is the tens digit of u?
5
Suppose -12*z + 26108 = 10616. What is the units digit of z?
1
Let v = 10 + -8. Let b(a) = 3*a**v - 9*a + 5*a**2 + a**3 - 2*a**2 + 6 - 3. What is the units digit of b(-7)?
7
Let s = -86 - -493. What is the tens digit of s?
0
Suppose 5*y - 9 - 6 = 0. Let r be 2 + y + -3 - -4. What is the units digit of 3/(-9) - (-92)/r?
5
Let y(c) = c**3 - 19*c**2 + 4*c + 46. Let l be (3/6)/((-3)/(-114)). What is the tens digit of y(l)?
2
Let p(y) = 13*y - 6. Let b be p(-3). Let r = b + 107. What is the tens digit of r?
6
Let t = -40 - -60. Suppose -q = -6*q + t. What is the units digit of 18/q*(-12)/(-9)?
6
Suppose 1 + 18 = 3*z - d, 0 = -d + 5. What is the units digit of 5 + (-57)/12 + 790/z?
9
Suppose -5 = -5*r + 15. Suppose 30 = 2*t - 2. Let y = r + t. What is the tens digit of y?
2
Suppose -162*v = -164*v + 1000. What is the tens digit of v?
0
What is the tens digit of 5*(1/2)/(1/10)?
2
Let p = -1917 + 3600. What is the hundreds digit of p?
6
Suppose 4*j + 2*o = 214, -2*j + 11*o = 